(o)?
-1
Let d = 51 + -21. Let q = -26 + d. Let w(x) = 10*x + 6 - 13*x + x**2 - 2*x. Calculate w(q).
2
Let g(k) = 23*k + 17833*k**2 + 81 + 17832*k**2 - 35664*k**2. Determine g(-5).
-9
Let f = -12 + 12. Suppose 0 = -2*s - v - 11, f*s - 41 = 2*s - 5*v. Let u(o) be the first derivative of o**3/3 + 7*o**2/2 - 6*o - 90. Give u(s).
2
Let n(f) be the first derivative of -f**3 - 5*f**2/2 + 11*f + 18. Let t(a) = 14 - 2*a**2 - 4 - 2*a - 4. Let j(v) = 3*n(v) - 5*t(v). Give j(5).
3
Suppose 36 = -5*r - r. Let h(w) be the third derivative of -1/60*w**5 + 0*w - 1/6*w**3 + 0 - 13*w**2 - 1/6*w**4. Determine h(r).
-13
Let n(q) = -2*q + 1. Let s(x) = -4*x**3 + x + 1. Let v be s(-1). Suppose 0*i + i - v = 0. Suppose 28 = -8*d - i. Determine n(d).
9
Let y(v) = -v**2. Let r(a) = 5*a**2 + 2*a + 3. Suppose -4*q - 296 = -276. Let m(z) = q*y(z) + r(z). Determine m(-2).
39
Let l(g) = -g**3 + 4*g**2 + 10*g + 7. Let a(u) = -u**2 + 9*u + 10. Let b be a(11). Let z be (45/(-6) + 10)*b/(-5). Determine l(z).
-5
Let x(m) = m**3 + 47*m**2 - 4*m - 195. Let p be x(-47). Let j(g) = g**2 + 8*g - 2. What is j(p)?
-9
Let j(n) = -2*n**3 - 11*n**2 + n + 12. Suppose b = o - 0 + 5, 0 = 4*o - b + 20. Give j(o).
-18
Let c be 3/2*(0 + 4). Let m(h) = 5*h**3 - 10*h**3 + 6*h**3 - 7*h**2 + 6 + 8*h. Calculate m(c).
18
Let z(f) = 2*f**2 - 12*f + 18. Let s be z(4). Let x(n) = 3*n - 7*n - 6 + 4*n + s*n. Calculate x(-5).
-16
Let k(i) be the second derivative of 0 - 5/2*i**2 + 1/6*i**3 + 2*i. Let q = 24150 - 24150. Calculate k(q).
-5
Suppose n - 8 = -3*y, -3*n - 4 + 8 = -y. Suppose 4*u + 3*z - 41 = -0*z, -31 = -n*u - 5*z. Let r(l) = 2521 + l - 5042 + 2522. Give r(u).
9
Let i(o) = 115 + 31 - 45 + 136 + 5*o + 27. Determine i(-51).
9
Let w(f) = 2*f**2 - 42*f + 67. Let t(v) = -v**2 + 13*v - 2. Let o(n) = -3*t(n) - w(n). Calculate o(-9).
-7
Let o(l) = 7 - 108*l + 51*l + 4 + 10 + 56*l. What is o(32)?
-11
Let v(b) = -4*b**2 - 27*b + 719. Let a(g) = g**2 + 7*g - 159. Let t(d) = -9*a(d) - 2*v(d). Let w = -12 + 5. What is t(w)?
7
Let y be 237/(-33) - 4/(-22). Let h(f) = 3*f**3 - 15*f**2 - 19*f + 5. Let k(r) = 4*r**3 - 17*r**2 - 24*r + 4. Let p(q) = 5*h(q) - 4*k(q). What is p(y)?
2
Let z(k) = -k**2 - 3*k - 2. Let j = 38872 - 38874. Calculate z(j).
0
Let c(g) = -2*g**2 + 4*g - 4. Let x = -230 - -334. Let d = -109 + x. Let m(r) = 7*r + 38. Let y be m(d). Determine c(y).
-10
Suppose x + 4*a = 444, 5*x = 2*a + 1070 + 1260. Suppose -x - 515 = -11*j. Let u = 84 - j. Let m(d) = d**2 + 3*d - 7. Give m(u).
3
Let i(t) = t**3 - 21*t**2 + 4*t + 4. Let a(p) = 4*p**3 - 90*p**2 + 17*p + 16. Let h(u) = -6*a(u) + 26*i(u). Determine h(3).
14
Suppose 3*x + 22*f = 25*f + 3, -5*f = 5. Let d(k) be the third derivative of 1/24*k**4 + 1/2*k**3 + 0*k + x + 1/60*k**5 + 14*k**2 - 1/120*k**6. Determine d(0).
3
Let j = -5747 + 344821/60. Let x(o) be the third derivative of 1/24*o**4 + 0 + 0*o**3 - 8*o**2 - j*o**5 + 0*o. Give x(-3).
-12
Let d(x) = -x**2 + 1. Let l(w) = -2*w**3 + 2*w**2 - 5. Let p(u) = -2*d(u) + l(u). Determine p(2).
-7
Suppose -4*r + 2*k = r - 488, -3*k = 4*r - 372. Suppose -28*n = 20*n - r. Let v(w) = 2*w**3 - 3*w**2 - 1. What is v(n)?
3
Let c(v) be the second derivative of -v**5/20 + v**4/6 + v**3/6 - v**2/2 - 25*v. Let a(d) = 3*d**2 - 47*d - 13. Let n be a(16). What is c(n)?
-7
Let d(o) = o + 28. Let s be (96/1248)/(2/(6*13)). Determine d(s).
31
Let t(q) = -14*q - 8. Let i = 1918 + -1921. Calculate t(i).
34
Let d = 29 + 27. Suppose -4*a + 4*s = d, 2*s + 0*s + 22 = -3*a. Let t(y) = 11*y + 6*y**2 + 8 - 2*y**2 - 3*y**2. What is t(a)?
-2
Let i(h) = 10*h + 64. Suppose 0 = -9*p + 2*p - 49. Determine i(p).
-6
Let y be 0 + -2 - 3 - -1. Let r(m) be the second derivative of 20*m + 0 + 2/3*m**3 + 1/12*m**4 - 3/2*m**2. Give r(y).
-3
Suppose 1969*n - 6 = 1971*n. Let w(p) = 3*p**2 + 14*p + 20. Give w(n).
5
Let r(m) = 2*m**3 - 5*m**2 + 4*m - 2. Let y(w) = 12*w + 39. Suppose 0 = 4*q - 2*i + 20, 5*q = 7*q + 2*i - 2. Let l be y(q). Determine r(l).
19
Let u = 318 - 316. Let w(d) = d**2 + 8*d - 14*d + u - 12 + 0*d. What is w(7)?
-3
Suppose 0*h + h + 6 = 0. Let n(f) = -3*f + 86. Let d be n(27). Let v(t) = -1. Let a(q) = -q - 1. Let z(g) = d*v(g) - a(g). Calculate z(h).
-10
Let l(n) = -4 + 2 + 172*n - 173*n - 5 - 3. Calculate l(-21).
11
Let l(p) be the first derivative of -109 + 1/4*p**4 + 4*p + 7/3*p**3 + 7/2*p**2. What is l(-6)?
-2
Let u(n) = -5*n**3 + 12*n**2 + 5*n + 13. Let z(q) = -q**3 + 3*q**2 + q + 3. Let k(v) = 2*u(v) - 9*z(v). Let w = -1862 - -1859. Give k(w).
-4
Let r(s) be the third derivative of -s**4/2 - 2*s**3/3 + 3010*s**2. Give r(-4).
44
Suppose 4*a - 2 = -c - 0, -4*a - 5*c = -10. Let g(r) be the third derivative of 19*r**2 + 0 - 1/24*r**4 + 0*r - 1/2*r**3. What is g(a)?
-3
Let p(m) be the second derivative of -m**5/120 + m**4/2 + 29*m**3/3 - 10*m. Let c(d) be the second derivative of p(d). Determine c(12).
0
Let u(m) = 250*m**2 - 3. Let t be u(2). Let v be ((-12)/90 + t/(-60))*-4. Let s = 58 - v. Let h(l) = l**3 + 8*l**2 - 11*l - 3. Calculate h(s).
15
Let c(a) = a**3 - 9*a**2 + 6*a + 15. Let k(s) = -10*s - 202. Let n be k(-21). Calculate c(n).
-1
Suppose 131 = -8*z - 197. Let m = z - -32. Let y be (-3)/(-6) - (m/(-2) + -4). Let n(p) = p - 7. Give n(y).
-7
Let c(g) = 3*g**2 - 22*g - 86. Let y(f) = 28*f**2 + 313*f + 65. Let b be y(-11). Give c(b).
-6
Suppose -2*t - 5*k + 12 = 0, -51*t + 49*t = -2*k + 30. Let f(i) be the first derivative of -i**2/2 - 10*i - 2. Determine f(t).
-1
Let m be (-30)/(1/((-18)/(-27))). Let r(i) = i**3 + 19*i**2 - 17*i + 70. What is r(m)?
10
Let z(d) = -d - 11. Suppose 14 = 2*n - 5*o - 1, -3*o = 5*n + 9. Suppose n = 15*f + 86 + 49. What is z(f)?
-2
Let x(f) = 24*f - 5*f**3 + 78 + 31*f**2 - 78*f + 40*f**2 + 8. Let h(m) = m**3 - 14*m**2 + 11*m - 17. Let n(u) = 11*h(u) + 2*x(u). Determine n(11).
7
Let o(x) = -x**3 - x**2 + x - 3. Suppose 8*j = 16*j - 136. Suppose 6*p + j*p = 3*p. Calculate o(p).
-3
Let a = -1215 - -1222. Let h(k) be the second derivative of 0 - a*k + 14/3*k**3 + 0*k**2. Determine h(-1).
-28
Let q(f) = 4*f**2 - 12*f. Let d(r) = -11*r**2 + 35*r - 2. Let n(u) = -3*d(u) - 8*q(u). Give n(7).
-8
Suppose 52 = 14*p - 60. Let n(q) = -q**3 - p*q**2 - 3 + 3 - 2 + 7 + 9*q. Calculate n(-9).
5
Let g(h) = -44*h**2 + 2 + 3*h + 12 + 46*h**2 - 31. Give g(-6).
37
Let l(c) = 2*c**2 - 54*c - 22. Suppose -24*b + 4*u = -23*b + 1, 3*b = 3*u + 60. Give l(b).
-22
Let r(w) = -2*w**3 + 4*w**2 - w - 1. Suppose 54*y = -4*y - 126 - 48. Calculate r(y).
92
Let c(q) = -5*q - 84. Let u(m) = -4*m - 100. Let y(v) = 5*c(v) - 4*u(v). What is y(-3)?
7
Let x(a) = 5*a - 4. Suppose 4*g - 2*g = -6. Let r be g - 16/(-4) - -2. Give x(r).
11
Suppose 334*s = 4819 - 1145. Let m(d) = -d - 8. Give m(s).
-19
Let i(p) be the first derivative of -p**4/4 - 7*p**3 - p**2 - 45*p - 1319. Give i(-21).
-3
Let q(m) = 9*m**2 - 16*m + 5*m - 30 + 6*m + 4*m + 33. What is q(3)?
81
Let u(o) = 2*o - 3. Let v = -95 + 99. Suppose 15 = y - 5*h + 35, y + 3*h = -v. Let l be (21 - 20)/(2/y). Give u(l).
-13
Let a(h) = 3*h + 5. Let y be -2 - (4 + 1 + -31). Suppose 2*v + v = 57. Let d = v - y. Calculate a(d).
-10
Let p be (-6)/21 - 69/(-21). Suppose -r = c + 7, 0 = r + c + 4*c + p. Let v be 2*(-12)/r - -1. Let j(u) = u - 3. Give j(v).
1
Let p(c) = 38*c + 8. Let z be p(-4). Let l = z + 144. Let a(f) = -f**3 + f - 6. Give a(l).
-6
Let z(u) = -u**2 - 5*u + 16. Suppose -3*j + 34*n + 57 = 32*n, 3*j - n = 60. Suppose 232*p + j = 229*p. Determine z(p).
2
Suppose 3*j + j = -24. Let p(t) = -t**3 - 11*t**2 + 3*t - 2. Let f(b) = -b**2 - b - 1. Let x(a) = -6*f(a) + p(a). Give x(j).
-14
Let y = -2434 + 2410. Let f(w) = -w**3 - 22*w**2 + 50*w - 8. Determine f(y).
-56
Let m = -120 - -185. Let v = m + -62. Let s(c) = c**3 - c. Let h(n) = -4*n**3 - n**2 + 2*n - 2. Let d(r) = -h(r) - 5*s(r). What is d(v)?
-7
Let y(r) be the second derivative of -r**4/12 + 7*r**3/6 - r**2/2 + 83*r. Let b(m) = -m**2 - 6*m - 3. Let v be b(-5). Let c = v + 5. What is y(c)?
-1
Let q = -1643 + 1645. Suppose 10*s + q = 8*s. Let j(o) = 25*o + 5. Let i(z) = -12*z - 2. Let f(p) = 5*i(p) + 2*j(p). Determine f(s).
10
Let u(m) = 18 - 9*m**2 - 6*m + 4*m**2 + 4*m**2 + 8*m. Let w be u(-3). Let z(p) be the first derivative of p**3/3 - 3*p**2/2 + 3*p + 1. What is z(w)?
3
Let p(a) = -a**2 - 39*a - 373. Suppose -60 